6678685709 a prime number?
True
Is 1373122543 a composite number?
True
Is 481630609 a prime number?
False
Is 5349787 composite?
False
Is 6108845423 prime?
False
Is 132654617 composite?
False
Is 758975143 a prime number?
True
Is 533869501 composite?
True
Is 165938543 prime?
True
Is 512357851 prime?
True
Is 8794740247 a prime number?
False
Is 6583228247 a prime number?
True
Is 1628603591 prime?
True
Is 7563002621 a composite number?
False
Is 1536566783 composite?
True
Is 8913697823 composite?
False
Is 11875261 prime?
False
Is 16016494849 a prime number?
True
Is 41991806645 prime?
False
Is 236176360447 composite?
True
Is 2140744973 a prime number?
True
Is 199190191 a composite number?
True
Is 12330139663 composite?
True
Is 115096841 prime?
True
Is 43403907713 a composite number?
True
Is 29965422881 a composite number?
False
Is 266687011 composite?
False
Is 19666663727 a composite number?
False
Is 20790690901 a prime number?
True
Is 18057526301 a prime number?
True
Is 4923051893 a prime number?
False
Is 43592030941 composite?
False
Is 12791225567 prime?
True
Is 1187044897 a prime number?
False
Is 128309023 composite?
True
Is 7182864554 a composite number?
True
Is 1229186891 a prime number?
False
Is 1790771597 a composite number?
False
Is 21053401051 a prime number?
True
Is 30443012533 a composite number?
False
Is 20305803187 prime?
False
Is 78055541 prime?
False
Is 1116011357 prime?
False
Is 7983607703 a prime number?
False
Is 4641836141 prime?
True
Is 22508858291 a composite number?
False
Is 6317141 composite?
False
Is 298973039 prime?
False
Is 1044397679 prime?
False
Is 830083433 composite?
False
Is 792885091 a composite number?
False
Is 1577532857 a prime number?
False
Is 21818243 prime?
False
Is 17970929161 a prime number?
False
Is 4058544731 a composite number?
False
Is 267630053 prime?
True
Is 27374777273 prime?
False
Is 27101194751 composite?
True
Is 4058780797 composite?
True
Is 178913351 prime?
False
Is 22416651097 a composite number?
False
Is 1370814359 prime?
False
Is 3266421163 prime?
True
Is 6164446559 a composite number?
True
Is 24515665543 a prime number?
True
Is 20112869519 composite?
False
Is 9072755291 composite?
False
Is 3960616787 a composite number?
True
Is 365468993 composite?
False
Is 35451907 prime?
True
Is 1022754347 a prime number?
False
Is 62141138429 a prime number?
True
Is 118401402037 composite?
True
Is 211952729 composite?
True
Is 14688517 a composite number?
True
Is 1916114359 composite?
False
Is 11866474957 prime?
True
Is 4569866047 a prime number?
False
Is 307765323947 a prime number?
True
Is 15368785067 a prime number?
False
Is 2484776473 composite?
False
Is 634891571 a prime number?
False
Is 31211513261 a prime number?
False
Is 15898144217 a prime number?
True
Is 188866187 a prime number?
False
Is 428168801 composite?
False
Is 291310514579 prime?
False
Is 25629898643 a prime number?
True
Is 133657415 a prime number?
False
Is 67124694187 composite?
False
Is 304968091 a composite number?
False
Is 1701288983 prime?
True
Is 25975954583 prime?
True
Is 1702789043 composite?
True
Is 4241591503 a prime number?
True
Is 55058566117 a prime number?
False
Is 2553856651 composite?
False
Is 14404574407 a composite number?
False
Is 126377998393 a composite number?
True
Is 21689153957 a prime number?
True
Is 9500776751 composite?
False
Is 102486788961 prime?
False
Is 293745761 a composite number?
False
Is 290381477 composite?
False
Is 2049773819 prime?
True
Is 527107901 composite?
True
Is 537893929 a composite number?
False
Is 1057010597 a composite number?
False
Is 10329156766 a prime number?
False
Is 130580342 a composite number?
True
Is 3349147427 a prime number?
True
Is 1759129607 a prime number?
False
Is 459458733 a composite number?
True
Is 42594311951 a composite number?
False
Is 50490487 a prime number?
True
Is 66976509079 prime?
True
Is 391099279 a composite number?
True
Is 42835700057 prime?
True
Is 1610633359 prime?
False
Is 51997326851 a prime number?
False
Is 228449325367 a composite number?
True
Is 4196119178 composite?
True
Is 3268338379 prime?
False
Is 3238681027 a composite number?
False
Is 1379412499 a composite number?
False
Is 40963841761 composite?
False
Is 377631299 composite?
False
Is 1324563683 a composite number?
True
Is 188354984963 a composite number?
False
Is 4857457013 prime?
True
Is 16039135363 a prime number?
False
Is 2800706071 a composite number?
False
Is 135796658639 a prime number?
True
Is 24192803039 composite?
False
Is 1468960807 prime?
False
Is 7051824937 prime?
True
Is 41007334273 composite?
True
Is 2247440957 a composite number?
False
Is 853284439 prime?
False
Is 1284868817 a prime number?
True
Is 585614677 a prime number?
True
Is 1101272539 a prime number?
True
Is 247376645891 a prime number?
True
Is 10676907977 a prime number?
True
Is 1339079 composite?
True
Is 466190939 composite?
False
Is 437738681 prime?
True
Is 10880522503 composite?
False
Is 16860164129 prime?
True
Is 22109854601 prime?
True
Is 9874301209 a composite number?
False
Is 23637705395 prime?
False
Is 210492911 a composite number?
False
Is 656172967 prime?
True
Is 38161623293 a prime number?
True
Is 15181605713 composite?
False
Is 211225601 prime?
True
Is 23597787 a composite number?
True
Is 7003783937 prime?
False
Is 1602461557 prime?
True
Is 345783853 a composite number?
True
Is 405187801 a composite number?
True
Is 48655617551 a prime number?
False
Is 2442997331 a composite number?
True
Is 276558823 a prime number?
False
Is 2808552881 a composite number?
True
Is 690564877 composite?
True
Is 5384694961 a composite number?
True
Is 5977767469 a composite number?
True
Is 40452741955 a composite number?
True
Is 31107346961 prime?
True
Is 437168453 a composite number?
False
Is 223321289 composite?
True
Is 2112496987 composite?
True
Is 214941773 a prime number?
True
Is 970591033 a composite number?
False
Is 70403735951 a composite number?
True
Is 95984379503 composite?
True
Is 849454771 composite?
True
Is 19180392019 composite?
False
Is 3819045418 a composite number?
True
Is 140611651 composite?
True
Is 14754409687 a composite number?
False
Is 22624948517 prime?
False
Is 2697761 a composite number?
True
Is 8140536641 a composite number?
False
Is 74110412641 prime?
True
Is 7703293747 a composite number?
True
Is 5303477887 a composite number?
False
Is 11785176421 a prime number?
False
Is 27482709697 composite?
False
Is 904218827 prime?
False
Is 36317611293 a prime number?
False
Is 6353004989 a composite number?
False
Is 147679035907 prime?
False
Is 2911648349 a prime number?
True
Is 25668519359 composite?
True
Is 107985011 a prime number?
True
Is 2742912097 composite?
False
Is 1382249419 a composite number?
True
Is 7617153385 composite?
True
Is 81474823 prime?
True
Is 469033009 composite?
True
Is 25277274343 composite?
True
Is 459521969 a prime number?
False
Is 43387430029 composite?
False
Is 436412609 a prime number?
True
Is 174028571 composite?
True
Is 119760949723 prime?
False
Is 3480137839 prime?
True
Is 15190134109 prime?
True
Is 2084379013 a composite number?
False
Is 7988199209 composite?
True
Is 1063904119 a composite number?
False
Is 18306321883 a composite number?
True
Is 454372647 a composite number?
True
Is 996847637 prime?
False
Is 6307181809 composite?
False
Is 693432829 composite?
False
Is 37193155159 composite?
True
Is 219610646 composite?
True
Is 36029686135 prime?
False
Is 27649026467 a prime number?
False
Is 5425047319 a prime number?
True
Is 1383010597 prime?
True
Is 128207567 composite?
False
Is 107454929 a composite number?
False
Is 6106584329 composite?
False
Is 12174472631 composite?
True
Is 237488329729 composite?
True
Is 5309445637 composite?
False
Is 8108872927 composite?
True
Is 1280125711 a prime number?
False
Is 716249113 a prime number?
False
Is 75928041857 prime?
False
Is 3420422179 composite?
True
Is 4079440949 prime?
False
Is 230466469 a prime number?
False
Is 9278714383 a prime number?
True
Is 1857521203 a composite number?
False
Is 3374206613 a prime number?
True
Is 5608217 a composite number?
False
Is 4220232553 a prime number?
False
Is 42309313309 prime?
True
Is 16637293643 a prime number?
False
Is 2552794093 a composite number?
True
Is 482073511 prime?
True
Is 4518169507 a composite n